. Let f be -1 + ((-1524)/(-2))/p. Calculate the highest common divisor of u and f.
23
Let u(a) = 5*a**2 + a + 1. Let h be u(-1). Suppose -10*c + 350 = -h*c. What is the highest common divisor of c and 28?
14
Suppose 3*q = q - 34. Let c be -2 - (-3 + q - 3). Let b be 3 + (-3 - -1) + 13. Calculate the highest common factor of c and b.
7
Let o = 1196 + -665. Calculate the greatest common divisor of 413 and o.
59
Let n be (42/(2 + 0))/1. Let m be (-7)/(n/(-2))*6. Suppose -m*o = -8*o + 16. What is the greatest common factor of o and 6?
2
Suppose 0 = 4*w - 23 - 17. Suppose -d + 1 + 5 = -5*t, 3*t - w = 4*d. Let f be 8 - (t + -1 + 4). Calculate the greatest common factor of 7 and f.
7
Suppose -3*h - 836 = -47*h. What is the greatest common divisor of h and 38?
19
Let o(j) = 11*j. Let k be o(-1). Let w = k - -5. Let g be 20/w*(-27 - -6). What is the highest common divisor of g and 28?
14
Let c be -6 - (2 + 548/(-4)). What is the highest common divisor of 344 and c?
43
Let h(k) = k**3 + 12*k**2 + 7*k - 34. Let z be h(-11). What is the greatest common divisor of 45 and z?
5
Suppose 7*s = -2*k + 5*s + 506, -4*s = -5*k + 1256. What is the greatest common factor of 18 and k?
18
Suppose -4*v - 5*o + 60 = 0, v - o - 29 = -5. What is the greatest common factor of v and 150?
10
Suppose -2*i - 6 = -3*d, -4*d + 2*i = -0*d - 10. Suppose -4*v = v + d*s - 115, -2*v + s + 59 = 0. Calculate the highest common divisor of v and 63.
9
Let n(u) = u**3 - 8*u**2 - 12*u + 13. Let t be n(9). Let a be 6/(-9)*567/t. What is the greatest common factor of 9 and a?
9
Let c = -733 - -811. Calculate the greatest common divisor of c and 130.
26
Let m(k) = k**2 + 32*k - 150. Let a be m(-38). Calculate the highest common factor of 18 and a.
6
Let z(w) = -w**3 + 5*w**2 + 3*w - 9. Let t be z(4). Let i = 23 - 14. Let n = t - i. Calculate the greatest common factor of n and 90.
10
Let l be (-6)/3 - (2 - 7). Suppose -8 = g - l*p, 0*g - 5*p + 40 = -5*g. Let o be (-6 - -1)/(g/8). What is the greatest common factor of o and 20?
5
Let d = -12 - -45. What is the highest common divisor of 231 and d?
33
Suppose 7*c - 12 = 4*c. Suppose -24 = -c*s - 4. Suppose 4*j - 15 = -s*k, -3*j + 5*k + 24 = 4. Calculate the greatest common factor of 5 and j.
5
Let i(s) = -s**3 - 3*s**2 + 2*s + 4. Let x be i(-5). Calculate the greatest common factor of x and 154.
22
Suppose -1783*f + 21 = -1780*f. Calculate the highest common factor of 182 and f.
7
Suppose 0 = 5*j - j. Suppose 3*n - 33 - 72 = j. Calculate the greatest common divisor of n and 7.
7
Let l(p) = -p**3 + 5*p**2 - 10*p + 18. Let x be l(3). Suppose 3*s = 4*r - 123, -4*s - 154 = r - x*r. Calculate the greatest common factor of 45 and r.
15
Let o(u) = -3*u**2 + 91*u - 28. Let h be o(30). Calculate the highest common factor of h and 5.
1
Let y = -3 - -2. Let i = 12 - y. Let d = -78 + 143. What is the greatest common factor of d and i?
13
Suppose 15 = 5*z - 0. Suppose 1 = -d - z, 3*k = 5*d + 284. Suppose -o - 4*o = -3*v + k, 0 = -3*o - 6. What is the greatest common divisor of 13 and v?
13
Let d = 51 + -49. Suppose 4*q + 88 = 4*x, -x + d*q + 4 = -15. Suppose -4*y + 71 = -29. What is the greatest common divisor of x and y?
25
Let p be (-4)/14 - (-8338)/77. Let y(j) = 2*j**2 + 3*j - 2. Let s be y(2). Calculate the greatest common factor of p and s.
12
Let a be (-4)/32*0 - -2. Suppose -2*f = -4*m + 18, -5*f - 28 = 4*m - 11. What is the greatest common factor of m and a?
2
Let l be 2/(-3*(-2)/6). Let i be (-67)/(-13) + (-7)/(91/2). What is the highest common divisor of i and l?
1
Suppose -54 = 3*d - n, -d - 5 = -3*n + 13. Let j(h) = -h - 14. Let g be j(d). Let k(v) = -6*v - 2. Let w be k(-1). What is the highest common factor of g and w?
4
Let k = -6 - -9. Let y(r) = r**3 - 14*r**2 - 26*r - 21. Let s be y(16). Suppose 0 = -2*i - 3*i + s. Calculate the highest common divisor of i and k.
3
Let s be (5*2)/(-2) + 864/32. What is the greatest common factor of 704 and s?
22
Suppose 0 = -7*x + 2*x + 165. Let u = x + -31. Suppose 4*f + u = 5*z + 111, f = 2*z + 31. What is the highest common factor of f and 105?
21
Let w be (-3 - -1) + 0 + 4. Suppose -w*f + 15 = 3. Let k be 12*((-1)/2 + 3 + -2). Calculate the highest common factor of k and f.
6
Let v(t) = -t**3 + 7*t**2 - 3*t + 25. Let h be v(5). Calculate the highest common divisor of 156 and h.
12
Let y(u) = -3*u + 12. Let w be y(7). Let g be (-4)/18 - 119/w. Calculate the highest common factor of g and 39.
13
Suppose -k + 140 = 4*g, -3*k + 437 = -427*g + 422*g. Calculate the highest common factor of k and 160.
16
Let p(j) be the third derivative of 3*j**4/8 - j**3/6 + j**2. Let c be p(2). Let d = -10 + c. Calculate the greatest common divisor of d and 14.
7
Let y = 89 - 84. Suppose 0 = 5*t - y*m - 85, 3*m + 80 = 5*t - 7. Calculate the greatest common factor of t and 234.
18
Suppose 80 = 3*n + 2*n. What is the highest common divisor of n and 136?
8
Let b be (-1646)/(-30) - 10/(-75). Suppose 1 - b = -3*f. Let n be ((-11)/(-2))/(f/180). What is the highest common factor of n and 5?
5
Let i(t) = 22*t + 39. Let x be i(19). Let a = x - 226. Calculate the greatest common divisor of a and 21.
21
Suppose 0*r - 63 = -3*r. Suppose -4*z - 40 = -4*v, -z - 2*z - r = -2*v. Suppose 0 = 15*s - 13*s - 2. Calculate the highest common factor of v and s.
1
Suppose 0 = -5*s + 9*s - 64. Let j be 2*-1 + 109 + 5. What is the greatest common divisor of s and j?
16
Let y(h) = -h**3 + 8*h**2 + 4*h - 16. Let c be y(8). Let i = c + 3. Calculate the greatest common divisor of 95 and i.
19
Suppose 5*q - 4*q = 325. Let a = 514 - q. What is the greatest common factor of a and 27?
27
Let h be (-1)/(-5) + (-696)/(-145). What is the highest common divisor of h and 135?
5
Let l(f) = -f - 1. Let o(v) = 21*v - 6. Let z(r) = -6*l(r) - o(r). Let d be z(-13). Calculate the greatest common divisor of 23 and d.
23
Suppose 2*p - p = -4*q + 69, 3*q = -3*p + 54. Let h be q + (0 - -5) + -1. Calculate the highest common factor of 231 and h.
21
Let i(z) = 93*z - 1950. Let f be i(21). Suppose g + 4*g - 420 = 0. What is the highest common divisor of f and g?
3
Let s be (-62)/(-5) + (16 - 1148/70). What is the greatest common divisor of s and 120?
12
Let b(l) = 11*l**2 - 31*l + 190. Let u be b(7). Calculate the greatest common divisor of 64 and u.
64
Suppose 0 = 2*w + 12*r - 8*r - 480, -471 = -2*w - r. Calculate the highest common divisor of w and 54.
18
Suppose 5*a + 2 = -x, 8 = 3*x + 2*a - 38. Calculate the highest common divisor of x and 666.
18
Let k be -3*(-6)/63 - (-3420)/35. Suppose 11*h - k = 4*h. Calculate the highest common factor of 98 and h.
14
Suppose -3*c = -5*n - 422, 2*n = -2*c + 205 + 55. What is the highest common divisor of 335 and c?
67
Suppose 4*p - 170 = -5*d, -5*p + p - 100 = -4*d. What is the greatest common factor of d and 60?
30
Let a = -53 + 56. Suppose 0 = a*s - 4*t - 12 - 34, 3*t = 3*s - 51. What is the highest common divisor of s and 66?
22
Suppose -14*i - 46 = 9*i. Let k be 95 + (-2)/5*(i + 12). What is the highest common factor of k and 7?
7
Suppose -2*o = -o + 42. Let a = 51 + o. What is the highest common factor of a and 9?
9
Let h(o) = o**3 - 6*o**2 + 10*o. Let c be h(2). What is the greatest common factor of c and 8?
4
Suppose 4*x = 4*i - 0*i + 84, x - 2*i - 25 = 0. Let q(n) = -n**2 + 17*n + 40. Let r be q(x). Calculate the greatest common divisor of r and 30.
10
Suppose 18*o - 84*o = -12870. Calculate the greatest common divisor of 15 and o.
15
Let k = -91 - -298. Calculate the greatest common factor of k and 23.
23
Suppose -63*h = -56*h - 1568. Calculate the highest common factor of h and 7.
7
Let u(y) = -4 + y**3 - y + 5*y**3 + 4*y. Let o be u(2). What is the greatest common factor of 30 and o?
10
Let b(m) be the second derivative of -3/2*m**2 + 0 - 3*m - 1/2*m**3. Let s be b(-5). What is the greatest common factor of 84 and s?
12
Suppose -4*u = 3*o - 156, 0 = 2*u - 16*o + 15*o - 68. What is the highest common factor of 24 and u?
12
Let o = -1 - -32. Let s(n) = -2*n**3 - 18 - 11 - 4*n + 3*n**3 + o. Let j be s(2). What is the greatest common factor of j and 4?
2
Let l = 13 - 11. Suppose -q - 17 = -7*z + l*z, 3*q + 5*z = 49. Calculate the greatest common factor of 64 and q.
8
Let i be 13/2*162/15*5. Calculate the highest common d